

{"id":2,"date":"2017-03-08T13:56:30","date_gmt":"2017-03-08T13:56:30","guid":{"rendered":"http:\/\/content.staffsante.fr\/?page_id=2"},"modified":"2023-12-12T08:53:14","modified_gmt":"2023-12-12T07:53:14","slug":"sample-page","status":"publish","type":"page","link":"https:\/\/www.staffsante.fr\/contenu\/","title":{"rendered":"Actualit\u00e9s sur la carri\u00e8re des professionnel de sant\u00e9"},"content":{"rendered":"","protected":false},"excerpt":{"rendered":"","protected":false},"author":1,"featured_media":0,"parent":0,"menu_order":0,"comment_status":"closed","ping_status":"closed","template":"","meta":[],"acf":[],"yoast_head":"<!-- This site is optimized with the Yoast SEO plugin v19.14 - https:\/\/yoast.com\/wordpress\/plugins\/seo\/ -->\n<title>L\u2019actualit\u00e9 carri\u00e8re des professionnels de sant\u00e9 | Staffsant\u00e9<\/title>\n<meta name=\"description\" content=\"D\u00e9couvrez toute l\u2019actualit\u00e9, des conseils et m\u00eame des exemples de CV et lettres de motivations pour les professionnels de sant\u00e9 sur le blog Staffsant\u00e9\" \/>\n<meta name=\"robots\" content=\"index, follow, max-snippet:-1, max-image-preview:large, max-video-preview:-1\" \/>\n<link rel=\"canonical\" href=\"https:\/\/www.staffsante.fr\/contenu\/\" \/>\n<meta property=\"og:locale\" content=\"fr_FR\" \/>\n<meta property=\"og:type\" content=\"article\" \/>\n<meta property=\"og:title\" content=\"L\u2019actualit\u00e9 carri\u00e8re des professionnels de sant\u00e9 | Staffsant\u00e9\" \/>\n<meta property=\"og:description\" content=\"D\u00e9couvrez toute l\u2019actualit\u00e9, des conseils et m\u00eame des exemples de CV et lettres de motivations pour les professionnels de sant\u00e9 sur le blog Staffsant\u00e9\" \/>\n<meta property=\"og:url\" content=\"https:\/\/www.staffsante.fr\/contenu\/\" \/>\n<meta property=\"og:site_name\" content=\"STAFFSANT\u00c9\" \/>\n<meta property=\"article:modified_time\" content=\"2023-12-12T07:53:14+00:00\" \/>\n<meta name=\"twitter:card\" content=\"summary_large_image\" \/>\n<script type=\"application\/ld+json\" class=\"yoast-schema-graph\">{\"@context\":\"https:\/\/schema.org\",\"@graph\":[{\"@type\":\"WebPage\",\"@id\":\"https:\/\/www.staffsante.fr\/contenu\/\",\"url\":\"https:\/\/www.staffsante.fr\/contenu\/\",\"name\":\"L\u2019actualit\u00e9 carri\u00e8re des professionnels de sant\u00e9 | Staffsant\u00e9\",\"isPartOf\":{\"@id\":\"https:\/\/www.staffsante.fr\/contenu\/#website\"},\"datePublished\":\"2017-03-08T13:56:30+00:00\",\"dateModified\":\"2023-12-12T07:53:14+00:00\",\"description\":\"D\u00e9couvrez toute l\u2019actualit\u00e9, des conseils et m\u00eame des exemples de CV et lettres de motivations pour les professionnels de sant\u00e9 sur le blog Staffsant\u00e9\",\"breadcrumb\":{\"@id\":\"https:\/\/www.staffsante.fr\/contenu\/#breadcrumb\"},\"inLanguage\":\"fr-FR\",\"potentialAction\":[{\"@type\":\"ReadAction\",\"target\":[\"https:\/\/www.staffsante.fr\/contenu\/\"]}]},{\"@type\":\"BreadcrumbList\",\"@id\":\"https:\/\/www.staffsante.fr\/contenu\/#breadcrumb\",\"itemListElement\":[{\"@type\":\"ListItem\",\"position\":1,\"name\":\"Home\",\"item\":\"https:\/\/www.staffsante.fr\/contenu\/\"},{\"@type\":\"ListItem\",\"position\":2,\"name\":\"Actualit\u00e9s sur la carri\u00e8re des professionnel de sant\u00e9\"}]},{\"@type\":\"WebSite\",\"@id\":\"https:\/\/www.staffsante.fr\/contenu\/#website\",\"url\":\"https:\/\/www.staffsante.fr\/contenu\/\",\"name\":\"STAFFSANT\u00c9\",\"description\":\"L&#039;actualit\u00e9 carri\u00e8re des professionnels de sant\u00e9\",\"publisher\":{\"@id\":\"https:\/\/www.staffsante.fr\/contenu\/#organization\"},\"potentialAction\":[{\"@type\":\"SearchAction\",\"target\":{\"@type\":\"EntryPoint\",\"urlTemplate\":\"https:\/\/www.staffsante.fr\/contenu\/?s={search_term_string}\"},\"query-input\":\"required name=search_term_string\"}],\"inLanguage\":\"fr-FR\"},{\"@type\":\"Organization\",\"@id\":\"https:\/\/www.staffsante.fr\/contenu\/#organization\",\"name\":\"Staffsant\u00e9\",\"url\":\"https:\/\/www.staffsante.fr\/contenu\/\",\"logo\":{\"@type\":\"ImageObject\",\"inLanguage\":\"fr-FR\",\"@id\":\"https:\/\/www.staffsante.fr\/contenu\/#\/schema\/logo\/image\/\",\"url\":\"https:\/\/content.staffsante.fr\/wp-content\/uploads\/2017\/06\/Staffsante.jpg\",\"contentUrl\":\"https:\/\/content.staffsante.fr\/wp-content\/uploads\/2017\/06\/Staffsante.jpg\",\"width\":2225,\"height\":592,\"caption\":\"Staffsant\u00e9\"},\"image\":{\"@id\":\"https:\/\/www.staffsante.fr\/contenu\/#\/schema\/logo\/image\/\"}}]}<\/script>\n<!-- \/ Yoast SEO plugin. -->","yoast_head_json":{"title":"L\u2019actualit\u00e9 carri\u00e8re des professionnels de sant\u00e9 | Staffsant\u00e9","description":"D\u00e9couvrez toute l\u2019actualit\u00e9, des conseils et m\u00eame des exemples de CV et lettres de motivations pour les professionnels de sant\u00e9 sur le blog Staffsant\u00e9","robots":{"index":"index","follow":"follow","max-snippet":"max-snippet:-1","max-image-preview":"max-image-preview:large","max-video-preview":"max-video-preview:-1"},"canonical":"https:\/\/www.staffsante.fr\/contenu\/","og_locale":"fr_FR","og_type":"article","og_title":"L\u2019actualit\u00e9 carri\u00e8re des professionnels de sant\u00e9 | Staffsant\u00e9","og_description":"D\u00e9couvrez toute l\u2019actualit\u00e9, des conseils et m\u00eame des exemples de CV et lettres de motivations pour les professionnels de sant\u00e9 sur le blog Staffsant\u00e9","og_url":"https:\/\/www.staffsante.fr\/contenu\/","og_site_name":"STAFFSANT\u00c9","article_modified_time":"2023-12-12T07:53:14+00:00","twitter_card":"summary_large_image","schema":{"@context":"https:\/\/schema.org","@graph":[{"@type":"WebPage","@id":"https:\/\/www.staffsante.fr\/contenu\/","url":"https:\/\/www.staffsante.fr\/contenu\/","name":"L\u2019actualit\u00e9 carri\u00e8re des professionnels de sant\u00e9 | Staffsant\u00e9","isPartOf":{"@id":"https:\/\/www.staffsante.fr\/contenu\/#website"},"datePublished":"2017-03-08T13:56:30+00:00","dateModified":"2023-12-12T07:53:14+00:00","description":"D\u00e9couvrez toute l\u2019actualit\u00e9, des conseils et m\u00eame des exemples de CV et lettres de motivations pour les professionnels de sant\u00e9 sur le blog Staffsant\u00e9","breadcrumb":{"@id":"https:\/\/www.staffsante.fr\/contenu\/#breadcrumb"},"inLanguage":"fr-FR","potentialAction":[{"@type":"ReadAction","target":["https:\/\/www.staffsante.fr\/contenu\/"]}]},{"@type":"BreadcrumbList","@id":"https:\/\/www.staffsante.fr\/contenu\/#breadcrumb","itemListElement":[{"@type":"ListItem","position":1,"name":"Home","item":"https:\/\/www.staffsante.fr\/contenu\/"},{"@type":"ListItem","position":2,"name":"Actualit\u00e9s sur la carri\u00e8re des professionnel de sant\u00e9"}]},{"@type":"WebSite","@id":"https:\/\/www.staffsante.fr\/contenu\/#website","url":"https:\/\/www.staffsante.fr\/contenu\/","name":"STAFFSANT\u00c9","description":"L&#039;actualit\u00e9 carri\u00e8re des professionnels de sant\u00e9","publisher":{"@id":"https:\/\/www.staffsante.fr\/contenu\/#organization"},"potentialAction":[{"@type":"SearchAction","target":{"@type":"EntryPoint","urlTemplate":"https:\/\/www.staffsante.fr\/contenu\/?s={search_term_string}"},"query-input":"required name=search_term_string"}],"inLanguage":"fr-FR"},{"@type":"Organization","@id":"https:\/\/www.staffsante.fr\/contenu\/#organization","name":"Staffsant\u00e9","url":"https:\/\/www.staffsante.fr\/contenu\/","logo":{"@type":"ImageObject","inLanguage":"fr-FR","@id":"https:\/\/www.staffsante.fr\/contenu\/#\/schema\/logo\/image\/","url":"https:\/\/content.staffsante.fr\/wp-content\/uploads\/2017\/06\/Staffsante.jpg","contentUrl":"https:\/\/content.staffsante.fr\/wp-content\/uploads\/2017\/06\/Staffsante.jpg","width":2225,"height":592,"caption":"Staffsant\u00e9"},"image":{"@id":"https:\/\/www.staffsante.fr\/contenu\/#\/schema\/logo\/image\/"}}]}},"_links":{"self":[{"href":"https:\/\/www.staffsante.fr\/contenu\/wp-json\/wp\/v2\/pages\/2"}],"collection":[{"href":"https:\/\/www.staffsante.fr\/contenu\/wp-json\/wp\/v2\/pages"}],"about":[{"href":"https:\/\/www.staffsante.fr\/contenu\/wp-json\/wp\/v2\/types\/page"}],"author":[{"embeddable":true,"href":"https:\/\/www.staffsante.fr\/contenu\/wp-json\/wp\/v2\/users\/1"}],"replies":[{"embeddable":true,"href":"https:\/\/www.staffsante.fr\/contenu\/wp-json\/wp\/v2\/comments?post=2"}],"version-history":[{"count":4,"href":"https:\/\/www.staffsante.fr\/contenu\/wp-json\/wp\/v2\/pages\/2\/revisions"}],"predecessor-version":[{"id":10034,"href":"https:\/\/www.staffsante.fr\/contenu\/wp-json\/wp\/v2\/pages\/2\/revisions\/10034"}],"wp:attachment":[{"href":"https:\/\/www.staffsante.fr\/contenu\/wp-json\/wp\/v2\/media?parent=2"}],"curies":[{"name":"wp","href":"https:\/\/api.w.org\/{rel}","templated":true}]}}