

{"id":5341,"date":"2018-10-17T16:55:57","date_gmt":"2018-10-17T14:55:57","guid":{"rendered":"http:\/\/content.staffsante.fr\/?page_id=5341"},"modified":"2026-03-19T09:14:00","modified_gmt":"2026-03-19T08:14:00","slug":"politique-confidentialite","status":"publish","type":"page","link":"https:\/\/www.staffsante.fr\/contenu\/politique-confidentialite\/","title":{"rendered":"Politique de confidentialit\u00e9"},"content":{"rendered":"<h1>Politique de confidentialit\u00e9<\/h1>\n<p><a href=\"#quisommesnous\">1\u00a0Qui sommes-nous ?<\/a><br \/>\n<a href=\"#delegue\">2 Notre D\u00e9l\u00e9gu\u00e9 \u00e0 la Protection des donn\u00e9es<\/a><br \/>\n<a href=\"#quoi\">3 Quelles sont les donn\u00e9es personnelles collect\u00e9es ?<\/a><br \/>\n<a href=\"#pourquoi\">4 Pourquoi collectons-nous vos donn\u00e9es personnelles ?<\/a><br \/>\n<a href=\"#qui\">5 Qui sont les destinataires de vos donn\u00e9es ?<\/a><br \/>\n<a href=\"#droits\">6 Vos droits sur vos donn\u00e9es<\/a><br \/>\n<a href=\"#modalites\">7 Modalit\u00e9s d&#8217;exercice de vos droits<\/a><br \/>\n<a href=\"#modification\">7 Modifications<\/a><\/p>\n<p>&nbsp;<\/p>\n<div id=\"quisommesnous\">\n<h2><strong>1 Qui sommes-nous ?<\/strong><\/h2>\n<\/div>\n<p>Le responsable de traitement de vos donn\u00e9es personnelles est : <strong>HOSPIMEDIA<\/strong><br \/>\nLe responsable de traitement est la soci\u00e9t\u00e9 HOSPIMEDIA, Forme de la soci\u00e9t\u00e9, immatricul\u00e9e au RCS de Lille sous le n\u00b0 439 125 741 et dont le si\u00e8ge social est situ\u00e9 au 2, rue de Tenremonde, 59800 Lille (\u00ab Nous \u00bb).<br \/>\nPour HOSPIMEDIA, la protection de vos donn\u00e9es personnelles est une priorit\u00e9. Nous nous effor\u00e7ons de garantir le respect et la s\u00e9curit\u00e9 des donn\u00e9es personnelles trait\u00e9es dans le cadre de nos activit\u00e9s.<br \/>\nL\u2019objectif de cette notice d\u2019information RGPD est donc de vous aider \u00e0 comprendre la mani\u00e8re dont nous traitons vos donn\u00e9es dans le cadre de l\u2019utilisation du site <a href=\"https:\/\/www.staffsante.fr\">www.staffsante.fr<\/a> , <a href=\"https:\/\/www.staffsocial.fr\">www.staffsocial.fr<\/a>, <a href=\"https:\/\/www.profilmedecin.fr\">www.profilmedecin.fr<\/a> (les \u00ab Sites \u00bb).<br \/>\nEn effet, certains services sont propos\u00e9s via les Sites comme notamment la possibilit\u00e9 de postuler \u00e0 des offres d\u2019emploi, de figurer dans la biblioth\u00e8que de CV, la cr\u00e9ation d\u2019alertes emails sur les offres.<\/p>\n<div id=\"delegue\">\n<h2><strong>2 Notre D\u00e9l\u00e9gu\u00e9 \u00e0 la Protection des donn\u00e9es<\/strong><\/h2>\n<\/div>\n<p>Il est possible de contacter le D\u00e9l\u00e9gu\u00e9 \u00e0 la Protection des Donn\u00e9es personnelles de HOSPIMEDIA aux adresses suivantes :<br \/>\nNotre D\u00e9l\u00e9gu\u00e9 \u00e0 la Protection des Donn\u00e9es peut \u00eatre contact\u00e9 par email \u00e0 l\u2019adresse dpd@mnh.fr (copie : juridique@hospimedia-groupe.fr) ou par voie postale \u00e0 l\u2019adresse suivante : HOSPIMEDIA Groupe, 2 rue de Tenremonde, 59000 Lille, France.<\/p>\n<div id=\"quoi\"><\/div>\n<h2><strong>3 Quelles sont les donn\u00e9s personnelles collect\u00e9es ?<\/strong><\/h2>\n<p>Dans le cadre des traitements de donn\u00e9es personnelles, nous collectons et traitons les donn\u00e9es suivantes :<\/p>\n<p>&#8211; Vos donn\u00e9es d&#8217;identification, renseign\u00e9es lors de la cr\u00e9ation d\u2019un compte pour compl\u00e9ter votre espace personnel ou de mani\u00e8re g\u00e9n\u00e9rale pour utiliser nos services (votre nom, votre pr\u00e9nom, votre date de naissance);<\/p>\n<p>&#8211; Vos coordonn\u00e9es : notamment adresse postale, num\u00e9ros de t\u00e9l\u00e9phone (fixe et mobile), adresse \u00e9lectronique ;<\/p>\n<p>&#8211; Votre donn\u00e9es relatives \u00e0 votre situation professionnelle, telles que votre CV comportant notamment des indications sur vos formations, vos exp\u00e9riences professionnelles ou vos hobbies, vos crit\u00e8res de recherche pour un emploi (zon\u00e9 g\u00e9ographique, m\u00e9tier, \u2026)<\/p>\n<p>&#8211; Les donn\u00e9es li\u00e9es \u00e0 vos candidatures via le Site : vos candidatures, vos crit\u00e8res de recherche d\u2019emploi, la fr\u00e9quence et l\u2019intensit\u00e9 d\u2019utilisation de nos services, les traces de vos connexions<\/p>\n<p>&#8211; Les donn\u00e9es collect\u00e9es automatiquement sur votre navigation que vous soyez connect\u00e9 ou non \u00e0 votre compte : les donn\u00e9es rattach\u00e9es \u00e0 votre navigateur (comme vos activit\u00e9s en ligne sur le site, vos visites, les pages vues, l\u2019adresse IP et la localisation de votre terminal, etc.). Ces informations sont collect\u00e9es \u00e0 la fois lorsque vous \u00eates identifi\u00e9 et lorsque vous n\u2019\u00eates pas identifi\u00e9, quel que soit le terminal que vous utilisez.<\/p>\n<p>De fa\u00e7on g\u00e9n\u00e9rale, les donn\u00e9es obligatoires sont indiqu\u00e9es quand vous nous fournissez vos donn\u00e9es. Elles sont indiqu\u00e9es par tous moyens.<\/p>\n<p>Nous attirons votre attention sur l\u2019utilisation des boutons des r\u00e9seaux sociaux de type \u00ab Se connecter via \u2026 \u00bb. L\u2019utilisation de ces boutons simplifie la saisie de vos donn\u00e9es pour renseigner un formulaire. Il s\u2019agit d\u2019une facilit\u00e9 propos\u00e9e. L\u2019utilisation de ces boutons est susceptible d\u2019entra\u00eener une collecte de donn\u00e9es personnelles par les r\u00e9seaux sociaux concern\u00e9s avant m\u00eame que HOSPIMEDIA n\u2019ait collect\u00e9 vos donn\u00e9es personnelles. Nous vous invitons \u00e0 \u00eatre vigilants et \u00e0 consulter les politiques de protection des donn\u00e9es personnelles de ces r\u00e9seaux sociaux afin de prendre pr\u00e9cis\u00e9ment connaissance des informations qui sont collect\u00e9es par ces sites ainsi que les finalit\u00e9s d\u2019utilisation de vos donn\u00e9es. L\u2019utilisation de ces fonctionnalit\u00e9s se fait \u00e0 votre initiative et sous votre enti\u00e8re responsabilit\u00e9. HOSPIMEDIA n\u2019est pas responsable du traitement de vos donn\u00e9es qui sera fait par ces r\u00e9seaux sociaux tiers.<\/p>\n<div id=\"pourquoi\">\n<h2><strong>4 Pourquoi collectons-nous vos donn\u00e9es personnelles ?<\/strong><\/h2>\n<\/div>\n<p>Les traitements de donn\u00e9es sont mis en \u0153uvre pour assurer les finalit\u00e9s suivantes sur le fondement des bases l\u00e9gales indiqu\u00e9es.<\/p>\n<table>\n<tbody>\n<tr>\n<td><b>Pourquoi traitons-nous vos donn\u00e9es\u00a0?\u00a0<\/b><\/p>\n<p><b>Les finalit\u00e9s<\/b><\/td>\n<td><b>Quelle base l\u00e9gale de traitement de vos donn\u00e9es utilisons-nous\u00a0?<\/b><\/td>\n<td><b>Combien de temps conservons-nous vos donn\u00e9es\u00a0?<\/b><\/td>\n<\/tr>\n<tr>\n<td><b>Mise en relation avec des recruteurs\u00a0<\/b><\/p>\n<p><span style=\"font-weight: 400;\">Mise en relation avec nos clients \u00e0 savoir : des organismes recruteurs tels que des \u00e9tablissements sanitaires ou m\u00e9dico-sociaux, des entreprises, des collectivit\u00e9s\u2026<\/span><\/td>\n<td><span style=\"font-weight: 400;\">L\u2019acceptation du contrat que vous avez conclu (CGU)<\/span><\/td>\n<td rowspan=\"4\"><span style=\"font-weight: 400;\">\u00a0\u00a0\u00a0\u00a0\u00a0<\/span><\/p>\n<p><span style=\"font-weight: 400;\">\u00a0\u00a0\u00a0\u00a0\u00a0<\/span><\/p>\n<p><span style=\"font-weight: 400;\">Pour la dur\u00e9e du contrat<\/span><span style=\"font-weight: 400;\">\u00a0<\/span><\/p>\n<p><span style=\"font-weight: 400;\">En cas de compte inactif pendant deux (2) ans, les donn\u00e9es personnelles du candidat seront supprim\u00e9es en l\u2019absence de r\u00e9ponse \u00e0 l\u2019email de r\u00e9activation.<\/span><\/td>\n<\/tr>\n<tr>\n<td><span style=\"font-weight: 400;\">Gestion des offres d\u2019emploi\u00a0: proposer des offres pertinentes\u00a0<\/span><\/p>\n<p><span style=\"font-weight: 400;\">Faciliter vos recherches et g\u00e9rer vos demandes de mise en relation avec nos clients ainsi que pour vous informer et vous conseiller sur votre carri\u00e8re.<\/span><\/p>\n<p><span style=\"font-weight: 400;\">Par exemple, nous vous proposons des outils, tels que \u00ab l\u2019alerte emploi \u00bb afin de vous informer par email des offres d\u2019emploi pouvant vous int\u00e9resser en fonction du m\u00e9tier ou de la zone g\u00e9ographique que vous avez d\u00e9clar\u00e9. Vous pouvez \u00e0 tout moment vous d\u00e9sinscrire de ces alertes en cliquant sur le lien figurant en bas de l\u2019alerte email re\u00e7ue ou en d\u00e9cochant la case correspondante \u00e0 votre alerte dans votre espace personnel, rubrique \u201cMes alertes email\u201d.<\/span><\/td>\n<td><span style=\"font-weight: 400;\">L\u2019acceptation du contrat que vous avez conclu (CGU)<\/span><\/p>\n<p><span style=\"font-weight: 400;\">\u00a0\u00a0\u00a0\u00a0\u00a0\u00a0\u00a0\u00a0\u00a0\u00a0<\/span><\/td>\n<\/tr>\n<tr>\n<td><span style=\"font-weight: 400;\">Informer de l\u2019actualit\u00e9 du secteur et conseil sur l\u2019optimisation des candidatures\u00a0<\/span><\/p>\n<p><span style=\"font-weight: 400;\">Newsletter afin de vous informer de mani\u00e8re r\u00e9guli\u00e8re sur la gestion de votre carri\u00e8re, les actualit\u00e9s de votre secteur ou des recommandations<\/span><\/td>\n<td><span style=\"font-weight: 400;\">Votre consentement\u00a0<\/span><\/td>\n<\/tr>\n<tr>\n<td><span style=\"font-weight: 400;\">Proposer de nouveaux services\u00a0: faire \u00e9voluer ou d\u00e9velopper de nouveaux services susceptibles de r\u00e9pondre encore mieux \u00e0 vos besoins\u00a0<\/span><\/td>\n<td><span style=\"font-weight: 400;\">Int\u00e9r\u00eats l\u00e9gitimes \u00e0 vous proposer de nouveaux services<\/span><\/td>\n<\/tr>\n<tr>\n<td><span style=\"font-weight: 400;\">\u00c9laborer des statistiques (de navigation, de l\u2019audience du Site, etc.) \u00a0et am\u00e9liorer les fonctionnalit\u00e9s du Site \u00e0 travers le d\u00e9p\u00f4t de cookies de mesure d\u2019audience<\/span><\/td>\n<td><span style=\"font-weight: 400;\">Consentement\u00a0<\/span><\/td>\n<td><span style=\"font-weight: 400;\">Vos donn\u00e9es sont conserv\u00e9es pendant 25 mois<\/span><\/td>\n<\/tr>\n<\/tbody>\n<\/table>\n<div id=\"qui\">\n<h2><strong>5 Qui sont les destinataires de vos donn\u00e9es ?<\/strong><\/h2>\n<\/div>\n<p>L\u2019entreprise HOSPIMEDIA Groupe, propri\u00e9taire du site HOSPIMEDIA, est responsable de traitement au sens du R\u00e8glement G\u00e9n\u00e9ral sur les donn\u00e9es personnelles. Vos donn\u00e9es \u00e0 caract\u00e8re personnel ne sont ainsi utilis\u00e9es que par des personnes identifi\u00e9es et habilit\u00e9es compte tenu des finalit\u00e9s d\u00e9crites dans la pr\u00e9sente politique de protection des donn\u00e9es personnelles.<br \/>\nHOSPIMEDIA s\u2019engage \u00e0 ne jamais transmettre vos donn\u00e9es personnelles \u00e0 des tiers pour des raisons \u00e9trang\u00e8res aux finalit\u00e9s d\u00e9crites ci-dessus.<br \/>\nAinsi, vos donn\u00e9es ne sont transmises qu\u2019aux cat\u00e9gories de personnes list\u00e9es ci-dessous :<br \/>\n&#8211; nos clients si et seulement si vous nous l\u2019avez demand\u00e9 ou nous avez autoris\u00e9 (candidature \u00e0 une offre d\u2019emploi, mise \u00e0 disposition de votre CV) et ce, dans le strict cadre de la finalit\u00e9 poursuivie. Nous vous informons syst\u00e9matiquement par email de ce transfert de donn\u00e9es ;<br \/>\n&#8211; les services autoris\u00e9s de HOSPIMEDIA : \u00e9quipe technique et \u00e9quipe en charge de la relation client ;<br \/>\n&#8211; nos prestataires techniques : h\u00e9bergement et service d\u2019envoi d\u2019email.<\/p>\n<div id=\"droits\">\n<h2><strong>6 Vos droits sur vos donn\u00e9es<\/strong><\/h2>\n<\/div>\n<p>Vous disposez des droits suivants sur vos donn\u00e9es personnelles :<\/p>\n<p>&#8211; Droit \u00e0 l\u2019information : en vertu des articles 13 et 14 du RGPD. La pr\u00e9sente notice vous informe du traitement de vos donn\u00e9es personnelles ;<\/p>\n<p>&#8211; Droit d\u2019acc\u00e8s : vous avez le droit d\u2019acc\u00e9der \u00e0 tout moment \u00e0 l\u2019ensemble de vos donn\u00e9es personnelles, en vertu de l\u2019article 15 du RGPD ;<\/p>\n<p>&#8211; Droit de rectification : vous avez le droit de rectifier \u00e0 tout moment vos donn\u00e9es personnelles inexactes, incompl\u00e8tes ou obsol\u00e8tes conform\u00e9ment \u00e0 l\u2019article 16 du RGPD ;<\/p>\n<p>&#8211; Droit \u00e0 la limitation : vous avez le droit d\u2019obtenir la limitation du traitement de vos donn\u00e9es personnelles dans certains cas d\u00e9finis \u00e0 l\u2019article 18 du RGPD ;<\/p>\n<p>&#8211; Droit d\u2019effacement : vous avez le droit d\u2019exiger que vos donn\u00e9es personnelles soient effac\u00e9es et d\u2019en interdire toute collecte future pour les motifs \u00e9nonc\u00e9s \u00e0 l\u2019article 17 du RGPD<\/p>\n<p>&#8211; Droit d\u2019introduire une r\u00e9clamation aupr\u00e8s d\u2019une autorit\u00e9 de contr\u00f4le comp\u00e9tente (en France : la CNIL) si vous consid\u00e9rez que le traitement de vos donn\u00e9es personnelles constitue une violation des textes applicables conform\u00e9ment \u00e0 l\u2019article 77 du RGPD ;<\/p>\n<p>&#8211; Droit de d\u00e9finir des directives relatives \u00e0 la conservation, \u00e0 l\u2019effacement et \u00e0 la communication de vos donn\u00e9es personnelles apr\u00e8s votre mort ;<\/p>\n<p>&#8211; Droit de retirer votre consentement \u00e0 tout moment : pour les finalit\u00e9s fond\u00e9es sur le consentement, l\u2019article 7 du RGPD indique que vous pouvez retirer votre consentement \u00e0 tout moment. Ce retrait ne remettra pas en cause la l\u00e9galit\u00e9 du traitement effectu\u00e9 avant le retrait;<\/p>\n<p>&#8211; Droit \u00e0 la portabilit\u00e9 : dans les conditions pr\u00e9cis\u00e9es \u00e0 l\u2019article 20 du RGPD, vous avez le droit de recevoir les donn\u00e9es personnelles que vous nous avez fournies dans un format standard lisible par machine et d\u2019exiger leur transfert au destinataire de votre choix ;<\/p>\n<p>&#8211; Droit d\u2019opposition : en vertu de l\u2019article 21 du RGPD, vous avez le droit de vous opposer au traitement de vos donn\u00e9es personnelles. Cependant, nous pourrons maintenir leur traitement, malgr\u00e9 cette opposition, pour des motifs l\u00e9gitimes ou la d\u00e9fense de droits en justice.<\/p>\n<div id=\"modalites\">\n<h2><strong>7 Modalit\u00e9s d&#8217;exercice de vos droits ?<\/strong><\/h2>\n<\/div>\n<p>Comment pouvez-vous exercer vos droits sur vos donn\u00e9es ?<br \/>\nVous pouvez exercer vos droits :<br \/>\n&#8211; Par voie \u00e9lectronique : dpd@mnh.fr , copie juridique@hospimedia-groupe.fr<br \/>\n&#8211; Ou par courrier postal \u00e0 l&#8217;adresse suivante : Hospimedia, 2 rue de tenremonde, 59 000 Lille<\/p>\n<p>en justifiant de votre identit\u00e9.<\/p>\n<p>Pour ce faire, vous devez indiquer clairement vos nom(s) pr\u00e9nom(s), l&#8217;adresse \u00e0 laquelle vous souhaitez que la r\u00e9ponse vous soit envoy\u00e9e. Nous pourrons vous demander \u00e0 cette occasion de nous fournir des informations ou documents compl\u00e9mentaires pour justifier votre identit\u00e9.<\/p>\n<p>Par principe, vous pouvez exercer sans frais l&#8217;ensemble de vos droits. Cependant, si vous exercez votre en mati\u00e8re de droit d&#8217;acc\u00e8s, il pourra vous \u00eatre demand\u00e9 le paiement de frais raisonnables bas\u00e9s sur les co\u00fbts administratifs pour toute copie suppl\u00e9mentaire des donn\u00e9es que vous demanderez.<\/p>\n<p>Concernant le droit d&#8217;information, nous n&#8217;aurons pas l&#8217;obligation d&#8217;y donner suite lorsque vous disposez d\u00e9j\u00e0 des informations dont vous sollicitez la communication.<br \/>\nVous serez inform\u00e9 si nous ne pouvons donner suite \u00e0 vos demandes.<\/p>\n<p>Nous tenons \u00e0 vous informer que le non-renseignement ou la modification de vos donn\u00e9es sont susceptibles d&#8217;avoir des cons\u00e9quences dans le traitement de certaines demandes dans le cadre de l&#8217;ex\u00e9cution des relations contractuelles et que votre demande au titre de l&#8217;exercice de vos droits sera conserv\u00e9e \u00e0 des fins de suivi.<\/p>\n<div id=\"modifications\">\n<h2><strong>8 Modifications<\/strong><\/h2>\n<\/div>\n<p>Nous pouvons modifier \u00e0 tout moment la pr\u00e9sente notice afin notamment de nous conformer \u00e0 toutes \u00e9volutions r\u00e9glementaires, jurisprudentielles, \u00e9ditoriales ou techniques. Ces modifications s\u2019appliqueront \u00e0 la date d\u2019entr\u00e9e en vigueur de la version modifi\u00e9e. Vous \u00eates donc invit\u00e9 \u00e0 consulter r\u00e9guli\u00e8rement la derni\u00e8re version de cette politique. N\u00e9anmoins, nous vous tiendrons inform\u00e9 de toute modification importante de la pr\u00e9sente notice.<\/p>\n<p>Date d\u2019entr\u00e9e en vigueur : 12.03.2026<\/p>\n","protected":false},"excerpt":{"rendered":"<p>Politique de confidentialit\u00e9 1\u00a0Qui sommes-nous ? 2 Notre D\u00e9l\u00e9gu\u00e9 \u00e0 la Protection des donn\u00e9es 3 Quelles sont les donn\u00e9es personnelles collect\u00e9es ? 4 Pourquoi collectons-nous vos donn\u00e9es personnelles ? 5 [&hellip;]<\/p>\n","protected":false},"author":1,"featured_media":0,"parent":0,"menu_order":0,"comment_status":"closed","ping_status":"closed","template":"template-emploi.php","meta":[],"acf":[],"yoast_head":"<!-- This site is optimized with the Yoast SEO plugin v19.14 - https:\/\/yoast.com\/wordpress\/plugins\/seo\/ -->\n<title>Politique de confidentialit\u00e9 | STAFFSANT\u00c9<\/title>\n<meta name=\"description\" content=\"Staffsant\u00e9 est soucieux de la protection et de la confidentialit\u00e9 de vos donn\u00e9es personnelles et s\u2019engage \u00e0 assurer le meilleur niveau de protection de vos donn\u00e9es personnelles en conformit\u00e9 avec les r\u00e8glementations en vigueur sur la protection des donn\u00e9es personnelles, applicables en Europe (RGPD) et en France.\" \/>\n<meta name=\"robots\" content=\"index, follow, max-snippet:-1, max-image-preview:large, max-video-preview:-1\" \/>\n<link rel=\"canonical\" href=\"https:\/\/www.staffsante.fr\/contenu\/politique-confidentialite\/\" \/>\n<meta property=\"og:locale\" content=\"fr_FR\" \/>\n<meta property=\"og:type\" content=\"article\" \/>\n<meta property=\"og:title\" content=\"Politique de confidentialit\u00e9 | STAFFSANT\u00c9\" \/>\n<meta property=\"og:description\" content=\"Staffsant\u00e9 est soucieux de la protection et de la confidentialit\u00e9 de vos donn\u00e9es personnelles et s\u2019engage \u00e0 assurer le meilleur niveau de protection de vos donn\u00e9es personnelles en conformit\u00e9 avec les r\u00e8glementations en vigueur sur la protection des donn\u00e9es personnelles, applicables en Europe (RGPD) et en France.\" \/>\n<meta property=\"og:url\" content=\"https:\/\/www.staffsante.fr\/contenu\/politique-confidentialite\/\" \/>\n<meta property=\"og:site_name\" content=\"STAFFSANT\u00c9\" \/>\n<meta property=\"article:modified_time\" content=\"2026-03-19T08:14:00+00:00\" \/>\n<meta name=\"twitter:card\" content=\"summary_large_image\" \/>\n<meta name=\"twitter:label1\" content=\"Dur\u00e9e de lecture estim\u00e9e\" \/>\n\t<meta name=\"twitter:data1\" content=\"10 minutes\" \/>\n<script type=\"application\/ld+json\" class=\"yoast-schema-graph\">{\"@context\":\"https:\/\/schema.org\",\"@graph\":[{\"@type\":\"WebPage\",\"@id\":\"https:\/\/www.staffsante.fr\/contenu\/politique-confidentialite\/\",\"url\":\"https:\/\/www.staffsante.fr\/contenu\/politique-confidentialite\/\",\"name\":\"Politique de confidentialit\u00e9 | STAFFSANT\u00c9\",\"isPartOf\":{\"@id\":\"https:\/\/www.staffsante.fr\/contenu\/#website\"},\"datePublished\":\"2018-10-17T14:55:57+00:00\",\"dateModified\":\"2026-03-19T08:14:00+00:00\",\"description\":\"Staffsant\u00e9 est soucieux de la protection et de la confidentialit\u00e9 de vos donn\u00e9es personnelles et s\u2019engage \u00e0 assurer le meilleur niveau de protection de vos donn\u00e9es personnelles en conformit\u00e9 avec les r\u00e8glementations en vigueur sur la protection des donn\u00e9es personnelles, applicables en Europe (RGPD) et en France.\",\"breadcrumb\":{\"@id\":\"https:\/\/www.staffsante.fr\/contenu\/politique-confidentialite\/#breadcrumb\"},\"inLanguage\":\"fr-FR\",\"potentialAction\":[{\"@type\":\"ReadAction\",\"target\":[\"https:\/\/www.staffsante.fr\/contenu\/politique-confidentialite\/\"]}]},{\"@type\":\"BreadcrumbList\",\"@id\":\"https:\/\/www.staffsante.fr\/contenu\/politique-confidentialite\/#breadcrumb\",\"itemListElement\":[{\"@type\":\"ListItem\",\"position\":1,\"name\":\"Home\",\"item\":\"https:\/\/www.staffsante.fr\/contenu\/\"},{\"@type\":\"ListItem\",\"position\":2,\"name\":\"Politique de confidentialit\u00e9\"}]},{\"@type\":\"WebSite\",\"@id\":\"https:\/\/www.staffsante.fr\/contenu\/#website\",\"url\":\"https:\/\/www.staffsante.fr\/contenu\/\",\"name\":\"STAFFSANT\u00c9\",\"description\":\"L&#039;actualit\u00e9 carri\u00e8re des professionnels de sant\u00e9\",\"publisher\":{\"@id\":\"https:\/\/www.staffsante.fr\/contenu\/#organization\"},\"potentialAction\":[{\"@type\":\"SearchAction\",\"target\":{\"@type\":\"EntryPoint\",\"urlTemplate\":\"https:\/\/www.staffsante.fr\/contenu\/?s={search_term_string}\"},\"query-input\":\"required name=search_term_string\"}],\"inLanguage\":\"fr-FR\"},{\"@type\":\"Organization\",\"@id\":\"https:\/\/www.staffsante.fr\/contenu\/#organization\",\"name\":\"Staffsant\u00e9\",\"url\":\"https:\/\/www.staffsante.fr\/contenu\/\",\"logo\":{\"@type\":\"ImageObject\",\"inLanguage\":\"fr-FR\",\"@id\":\"https:\/\/www.staffsante.fr\/contenu\/#\/schema\/logo\/image\/\",\"url\":\"https:\/\/content.staffsante.fr\/wp-content\/uploads\/2017\/06\/Staffsante.jpg\",\"contentUrl\":\"https:\/\/content.staffsante.fr\/wp-content\/uploads\/2017\/06\/Staffsante.jpg\",\"width\":2225,\"height\":592,\"caption\":\"Staffsant\u00e9\"},\"image\":{\"@id\":\"https:\/\/www.staffsante.fr\/contenu\/#\/schema\/logo\/image\/\"}}]}<\/script>\n<!-- \/ Yoast SEO plugin. -->","yoast_head_json":{"title":"Politique de confidentialit\u00e9 | STAFFSANT\u00c9","description":"Staffsant\u00e9 est soucieux de la protection et de la confidentialit\u00e9 de vos donn\u00e9es personnelles et s\u2019engage \u00e0 assurer le meilleur niveau de protection de vos donn\u00e9es personnelles en conformit\u00e9 avec les r\u00e8glementations en vigueur sur la protection des donn\u00e9es personnelles, applicables en Europe (RGPD) et en France.","robots":{"index":"index","follow":"follow","max-snippet":"max-snippet:-1","max-image-preview":"max-image-preview:large","max-video-preview":"max-video-preview:-1"},"canonical":"https:\/\/www.staffsante.fr\/contenu\/politique-confidentialite\/","og_locale":"fr_FR","og_type":"article","og_title":"Politique de confidentialit\u00e9 | STAFFSANT\u00c9","og_description":"Staffsant\u00e9 est soucieux de la protection et de la confidentialit\u00e9 de vos donn\u00e9es personnelles et s\u2019engage \u00e0 assurer le meilleur niveau de protection de vos donn\u00e9es personnelles en conformit\u00e9 avec les r\u00e8glementations en vigueur sur la protection des donn\u00e9es personnelles, applicables en Europe (RGPD) et en France.","og_url":"https:\/\/www.staffsante.fr\/contenu\/politique-confidentialite\/","og_site_name":"STAFFSANT\u00c9","article_modified_time":"2026-03-19T08:14:00+00:00","twitter_card":"summary_large_image","twitter_misc":{"Dur\u00e9e de lecture estim\u00e9e":"10 minutes"},"schema":{"@context":"https:\/\/schema.org","@graph":[{"@type":"WebPage","@id":"https:\/\/www.staffsante.fr\/contenu\/politique-confidentialite\/","url":"https:\/\/www.staffsante.fr\/contenu\/politique-confidentialite\/","name":"Politique de confidentialit\u00e9 | STAFFSANT\u00c9","isPartOf":{"@id":"https:\/\/www.staffsante.fr\/contenu\/#website"},"datePublished":"2018-10-17T14:55:57+00:00","dateModified":"2026-03-19T08:14:00+00:00","description":"Staffsant\u00e9 est soucieux de la protection et de la confidentialit\u00e9 de vos donn\u00e9es personnelles et s\u2019engage \u00e0 assurer le meilleur niveau de protection de vos donn\u00e9es personnelles en conformit\u00e9 avec les r\u00e8glementations en vigueur sur la protection des donn\u00e9es personnelles, applicables en Europe (RGPD) et en France.","breadcrumb":{"@id":"https:\/\/www.staffsante.fr\/contenu\/politique-confidentialite\/#breadcrumb"},"inLanguage":"fr-FR","potentialAction":[{"@type":"ReadAction","target":["https:\/\/www.staffsante.fr\/contenu\/politique-confidentialite\/"]}]},{"@type":"BreadcrumbList","@id":"https:\/\/www.staffsante.fr\/contenu\/politique-confidentialite\/#breadcrumb","itemListElement":[{"@type":"ListItem","position":1,"name":"Home","item":"https:\/\/www.staffsante.fr\/contenu\/"},{"@type":"ListItem","position":2,"name":"Politique de confidentialit\u00e9"}]},{"@type":"WebSite","@id":"https:\/\/www.staffsante.fr\/contenu\/#website","url":"https:\/\/www.staffsante.fr\/contenu\/","name":"STAFFSANT\u00c9","description":"L&#039;actualit\u00e9 carri\u00e8re des professionnels de sant\u00e9","publisher":{"@id":"https:\/\/www.staffsante.fr\/contenu\/#organization"},"potentialAction":[{"@type":"SearchAction","target":{"@type":"EntryPoint","urlTemplate":"https:\/\/www.staffsante.fr\/contenu\/?s={search_term_string}"},"query-input":"required name=search_term_string"}],"inLanguage":"fr-FR"},{"@type":"Organization","@id":"https:\/\/www.staffsante.fr\/contenu\/#organization","name":"Staffsant\u00e9","url":"https:\/\/www.staffsante.fr\/contenu\/","logo":{"@type":"ImageObject","inLanguage":"fr-FR","@id":"https:\/\/www.staffsante.fr\/contenu\/#\/schema\/logo\/image\/","url":"https:\/\/content.staffsante.fr\/wp-content\/uploads\/2017\/06\/Staffsante.jpg","contentUrl":"https:\/\/content.staffsante.fr\/wp-content\/uploads\/2017\/06\/Staffsante.jpg","width":2225,"height":592,"caption":"Staffsant\u00e9"},"image":{"@id":"https:\/\/www.staffsante.fr\/contenu\/#\/schema\/logo\/image\/"}}]}},"_links":{"self":[{"href":"https:\/\/www.staffsante.fr\/contenu\/wp-json\/wp\/v2\/pages\/5341"}],"collection":[{"href":"https:\/\/www.staffsante.fr\/contenu\/wp-json\/wp\/v2\/pages"}],"about":[{"href":"https:\/\/www.staffsante.fr\/contenu\/wp-json\/wp\/v2\/types\/page"}],"author":[{"embeddable":true,"href":"https:\/\/www.staffsante.fr\/contenu\/wp-json\/wp\/v2\/users\/1"}],"replies":[{"embeddable":true,"href":"https:\/\/www.staffsante.fr\/contenu\/wp-json\/wp\/v2\/comments?post=5341"}],"version-history":[{"count":13,"href":"https:\/\/www.staffsante.fr\/contenu\/wp-json\/wp\/v2\/pages\/5341\/revisions"}],"predecessor-version":[{"id":12701,"href":"https:\/\/www.staffsante.fr\/contenu\/wp-json\/wp\/v2\/pages\/5341\/revisions\/12701"}],"wp:attachment":[{"href":"https:\/\/www.staffsante.fr\/contenu\/wp-json\/wp\/v2\/media?parent=5341"}],"curies":[{"name":"wp","href":"https:\/\/api.w.org\/{rel}","templated":true}]}}